 and 69.
69
Calculate the highest common factor of 2808 and 972.
108
Calculate the greatest common factor of 17091 and 211.
211
Calculate the greatest common divisor of 41 and 39647.
41
Calculate the greatest common divisor of 5893 and 332.
83
Calculate the greatest common divisor of 180 and 20.
20
Calculate the highest common divisor of 42 and 378.
42
Calculate the highest common divisor of 19410 and 30.
30
What is the highest common factor of 832 and 32?
32
What is the greatest common factor of 100 and 175?
25
What is the highest common factor of 252 and 23520?
84
Calculate the highest common divisor of 308 and 28.
28
What is the highest common factor of 140 and 60?
20
What is the greatest common factor of 1334 and 174?
58
Calculate the greatest common divisor of 975 and 75.
75
Calculate the greatest common factor of 34 and 19618.
34
Calculate the greatest common factor of 561 and 3663.
33
What is the highest common divisor of 8701 and 231?
77
What is the highest common factor of 108 and 76572?
108
What is the highest common factor of 1300 and 70?
10
What is the greatest common divisor of 2121 and 399?
21
What is the highest common divisor of 17250 and 500?
250
What is the highest common divisor of 1071 and 2961?
63
Calculate the highest common factor of 84 and 4767.
21
Calculate the highest common divisor of 324 and 216.
108
What is the greatest common divisor of 7020 and 195?
195
What is the highest common factor of 10339 and 844?
211
Calculate the highest common factor of 1417 and 13.
13
Calculate the greatest common factor of 8 and 388.
4
What is the greatest common divisor of 2485 and 142?
71
What is the highest common divisor of 640 and 32?
32
What is the greatest common divisor of 336 and 126?
42
What is the highest common factor of 43 and 14534?
43
What is the highest common divisor of 130 and 26?
26
What is the greatest common factor of 7658 and 14?
14
What is the highest common factor of 7379 and 471?
157
Calculate the highest common divisor of 484 and 352.
44
What is the greatest common factor of 1188 and 1287?
99
Calculate the highest common divisor of 304 and 48.
16
What is the highest common factor of 18 and 414?
18
Calculate the highest common divisor of 4 and 15.
1
What is the greatest common divisor of 1245 and 13?
1
Calculate the greatest common divisor of 198 and 1089.
99
Calculate the highest common divisor of 2680 and 40.
40
What is the greatest common divisor of 1012 and 132?
44
Calculate the highest common divisor of 19 and 437.
19
Calculate the highest common factor of 2114 and 14.
14
Calculate the highest common factor of 72 and 12168.
72
Calculate the highest common divisor of 4790 and 10.
10
What is the highest common factor of 54 and 13014?
54
Calculate the greatest common divisor of 1342 and 66.
22
Calculate the greatest common divisor of 1375 and 55.
55
Calculate the greatest common factor of 345 and 7107.
69
What is the greatest common divisor of 28129 and 46?
23
What is the greatest common divisor of 9 and 1476?
9
What is the greatest common divisor of 2496 and 64?
64
What is the highest common divisor of 11 and 341?
11
Calculate the highest common divisor of 250 and 2000.
250
Calculate the greatest common factor of 1067 and 11.
11
What is the highest common divisor of 136 and 85?
17
Calculate the highest common divisor of 52 and 1508.
52
Calculate the highest common factor of 102645 and 45.
45
Calculate the highest common factor of 29 and 58.
29
Calculate the greatest common divisor of 868 and 124.
124
What is the greatest common divisor of 4824 and 72?
72
What is the highest common factor of 2760 and 20?
20
What is the highest common divisor of 36 and 162?
18
What is the highest common factor of 1411 and 1328?
83
What is the highest common divisor of 140 and 315?
35
What is the greatest common factor of 364 and 44?
4
What is the greatest common divisor of 63613 and 11?
11
What is the greatest common divisor of 1328 and 80?
16
What is the greatest common factor of 360 and 40?
40
Calculate the greatest common factor of 48 and 4038.
6
Calculate the greatest common divisor of 2380 and 10.
10
What is the greatest common factor of 192 and 456?
24
Calculate the greatest common divisor of 364 and 84.
28
What is the highest common divisor of 3490 and 40?
10
Calculate the greatest common factor of 134 and 34438.
134
Calculate the highest common factor of 156 and 117.
39
What is the highest common factor of 15 and 60?
15
What is the highest common factor of 143 and 2119?
13
Calculate the highest common factor of 6765 and 328.
41
Calculate the highest common divisor of 174 and 232.
58
Calculate the highest common divisor of 62 and 124.
62
Calculate the highest common factor of 27 and 306.
9
Calculate the highest common factor of 656 and 82.
82
What is the highest common divisor of 960 and 440?
40
What is the greatest common divisor of 3332 and 748?
68
Calculate the greatest common factor of 8061 and 6.
3
What is the highest common factor of 21733 and 211?
211
Calculate the highest common divisor of 4347 and 63.
63
What is the greatest common divisor of 282 and 654?
6
What is the greatest common divisor of 16 and 592?
16
What is the greatest common divisor of 533 and 328?
41
Calculate the greatest common factor of 210 and 462.
42
Calculate the greatest common factor of 6344 and 104.
104
What is the greatest common factor of 110 and 770?
110
What is the greatest common divisor of 175 and 9325?
25
Calculate the highest common factor of 12 and 69.
3
What is the highest common factor of 146 and 6278?
146
Calculate the highest common factor of 205 and 82.
41
Calculate the greatest common factor of 6 and 537.
3
What is the highest common factor of 20 and 2516?
4
What is the highest common divisor of 5160 and 600?
120
What is the highest common factor of 196 and 12?
4
Calculate the highest common divisor of 147 and 63.
21
What is the highest common divisor of 220 and 40?
20
What is the highest common divisor of 377 and 29?
29
What is the greatest common divisor of 3080 and 462?
154
Calculate the greatest common factor of 540 and 340.
20
Calculate the highest common factor of 1593 and 4307.
59
What is the greatest common factor of 63 and 504?
63
Calculate the highest common factor of 4750 and 114.
38
Calculate the highest common divisor of 294 and 98.
98
Calculate the greatest common divisor of 18 and 18.
18
Calculate the greatest common divisor of 238 and 82110.
238
Calculate the greatest common factor of 133 and 57.
19
What is the greatest common factor of 1284 and 24?
12
What is the greatest common divisor of 60 and 45?
15
What is the greatest common divisor of 96 and 84?
12
What is the highest common factor of 98 and 3318?
14
Calculate the greatest common divisor of 68 and 272.
68
What is the greatest common divisor of 791 and 1017?
113
Calculate the highest common factor of 171 and 304.
19
What is the highest common divisor of 790 and 260?
10
Calculate the greatest common divisor of 128 and 344.
8
What is the greatest common factor of 217 and 28?
7
Calculate the highest common factor of 130 and 3328.
26
Calculate the greatest common divisor of 744 and 204.
12
What is the greatest common factor of 312 and 48?
24
Calculate the highest common factor of 36 and 38.
2
Calculate the highest common factor of 2 and 94.
2
What is the highest common divisor of 112 and 6104?
56
Calculate the greatest common divisor of 41 and 41.
41
Calculate the highest common factor of 100 and 500.
100
Calculate the highest common factor of 330 and 170.
10
Calculate the greatest common factor of 15 and 240.
15
What is the greatest common factor of 19 and 1691?
19
What is the highest common divisor of 90 and 390?
30
Calculate the greatest common factor of 450 and 1950.
150
Calculate the greatest common divisor of 107 and 856.
107
Calculate the greatest common factor of 3 and 849.
3
Calculate the highest common divisor of 247 and 2489.
19
What is the highest common divisor of 12826 and 106?
106
What is the greatest common factor of 80 and 904?
8
Calculate the greatest common divisor of 1170 and 9.
9
What is the greatest common divisor of 30 and 1995?
15
Calculate the greatest common factor of 19950 and 532.
266
What is the highest common factor of 